10. Is h a prime number?
True
Let v(c) = -152651*c**3 + 2*c**2 - 10*c - 12. Is v(-1) prime?
False
Suppose -6*b = -37 + 7. Let c(x) = 11*x**3 + 4*x**2 - 4*x + 2. Let p be c(b). Suppose 490 - p = -f. Is f prime?
True
Let p = 1 - -20. Let c = -9015 - -9042. Suppose c*v - 5268 = p*v. Is v composite?
True
Let b be ((-1260)/(-5) - 5) + 2. Suppose -2*y - b = -10587. Suppose 1125 = -4*i + y. Is i composite?
True
Let c be (-1)/(-1 - 2 - -4). Let u be (-3)/((-3)/6*(2 - c)). Suppose 0*t - 3*t = u*d - 7513, 2*d - 7511 = -t. Is d composite?
True
Let u = 142207 - 84038. Is u composite?
False
Let m be (11 - -1)*1/(-4)*-2. Let b(t) = m*t**2 + 1 - t - 2 + 4*t - t**3 + 2. Is b(3) prime?
True
Suppose k = -4 + 6. Let s(v) = 2*v**3 + 2*v**2 + 3. Let q be s(k). Let i = 92 + q. Is i a prime number?
False
Suppose 4*y + 0*u - 7912 = 4*u, -5*y = -3*u - 9882. Suppose -8*q + 10 = -3*q. Suppose -y = -q*l - 4*l. Is l prime?
False
Let x(f) = 419417*f + 1001. Is x(6) composite?
False
Let o(l) = 34*l + 18. Let p be o(-5). Let a = -61 - p. Is a a prime number?
False
Let m(k) = 5*k**2 + 14*k - 5. Let w be m(-3). Let q = -2 - -3. Is w/(3 - q)*628/(-2) composite?
True
Let l = 37031 - 25680. Is l composite?
False
Let a be 9*(1/5)/((-3)/(-5)). Suppose 2*y - 8 - 4 = -2*b, -5*b = a*y - 26. Suppose 2*w + 5*x = 494, 4*x + 1241 - 309 = b*w. Is w a prime number?
False
Suppose 17*r - 102 = 0, -4*g + 81*r = 86*r - 1815338. Is g composite?
True
Let y = -63 + 59. Let i(q) = 5*q**2 + 10*q + 9. Let u be i(y). Suppose u*l = 54*l - 2095. Is l prime?
True
Suppose -p = -2, 13*x = 14*x - 4*p - 22682. Suppose 29*h - 19*h - x = 0. Is h a prime number?
True
Suppose -3*h - 4*o + 630759 - 27846 = 0, -803884 = -4*h + 8*o. Is h prime?
True
Let h = 813 - 1461. Suppose 3*p + 3 = 4*a - 18, 0 = 3*a - p - 12. Is a - (0 + 4) - h composite?
False
Let o(y) = -6 - 29*y + 11 + 8. Suppose -42*b = -44*b - 20. Is o(b) a composite number?
True
Suppose 12*u - g = 11*u + 259716, -5*u - g + 1298586 = 0. Is u prime?
True
Let f(r) = -395*r. Let s be (-188)/(-4) - (-4 + 6 + -3). Let k be s/(-16) - -1*2. Is f(k) composite?
True
Let s(p) be the first derivative of 11*p**5/20 + 7*p**4/12 + p**3 - 11*p**2/2 + 6*p + 30. Let m(z) be the first derivative of s(z). Is m(6) a composite number?
True
Let s be 16/2*-35*4/(-112). Is 1*(-2 - -10885)*10/s composite?
False
Let k = 2158 + 1785. Is k composite?
False
Let m = -149912 - -261703. Is m a composite number?
False
Let a(u) = -1303*u + 80. Let k be ((-1)/((-9)/(-6)))/((-48)/(-216)). Is a(k) composite?
False
Suppose 25 = 3*p + o - 3*o, p - 2*o = 15. Suppose 690 = -p*b + 2570. Let h = b + -173. Is h prime?
False
Suppose -2*x = -4*z - 0*x + 118412, z + 5*x - 29603 = 0. Is z a composite number?
True
Let i = 49 - 47. Suppose -i*a - o = -3*a - 7, -4*o = 4*a + 4. Is (-3686)/a*(-6 + 8) prime?
False
Let x(n) = 366945*n**2 - 292*n + 5. Is x(-2) composite?
True
Let j = 6254530 - -357531. Is j composite?
False
Suppose -1323 = 4*h + 11*p - 6*p, 0 = 5*p - 5. Let w = h + -665. Let v = w + 1443. Is v a composite number?
True
Let i(q) = 22*q**3 + q**2 + 7*q - 249. Is i(11) a composite number?
False
Let j be ((-4)/(-6))/((-18)/(-351)). Let f = j - 9. Suppose 5*b - 5*h = 450, 2*b - 185 = -h + f*h. Is b a prime number?
False
Suppose 5598 = 16*t + 1710. Is 4/(-9) + 90747/t composite?
False
Suppose 5*u = 3*a + 2*u - 2292, -5*a + 3802 = u. Is (-6)/4 + (-5)/((-10)/a) a prime number?
True
Let d(b) = -779*b + 824. Is d(-87) a prime number?
True
Let y(h) = -175*h**3 - 10*h**2 - 95*h - 611. Is y(-6) composite?
True
Suppose -5*h = 5*y - 1170, 0*h - 684 = -3*y + 3*h. Suppose -17*l - 2656 - 452 = -128*l. Suppose -25*k = -l*k + y. Is k a prime number?
False
Suppose 26*m - 2 = 25*m. Let w(j) = 0 - 6*j + 2*j**3 + m*j**2 + 3*j**2 + 0*j**2 + 2. Is w(5) a prime number?
True
Suppose 4*x + 3*y - 312 = 0, -2*y + 25 = 3*x - 208. Is (x/(-10) - -6)*(-77752)/6 a composite number?
True
Suppose 2 = -j + 4*n - 10, 0 = 2*n. Let m = 3 - 0. Is j/m - (1 + -1800) a composite number?
True
Let o(l) = -2*l**3 - 6*l**2 - l + 5. Let x be o(-3). Let n(t) = 38 + 48*t**2 - 98 - 17*t**2 - 22*t**2 + x*t. Is n(11) prime?
True
Let a be 78/9 + (7 - (-161)/(-21)). Is (-6)/a - (-8)/((-192)/(-1506)) composite?
True
Is (-14206)/(-3)*1/9*(-94095)/(-170) a prime number?
False
Let x = -87 + 41. Let t = -48 - x. Is (t/10)/((-7)/4585) a composite number?
False
Suppose -11*f = 63 - 426. Let y be ((-11)/f)/(2/(-12)). Suppose y*d - 257 = 1041. Is d a composite number?
True
Let w(i) = 10768*i**2 - i + 8. Is w(7) a composite number?
False
Let g = -13 + 18. Let u be -2 - (-5255)/(25/g). Suppose -u - 556 = -3*l. Is l a composite number?
True
Is ((-9)/(-6))/(18/157880*(-40)/(-60)) a prime number?
False
Suppose -4*b + 10 = -6*b, 3*m - 2*b = 212821. Is m a prime number?
True
Is (3 + 0 + -4)*(-76971)/3 a composite number?
False
Suppose -15*m + 133218 = -2181567. Is m a composite number?
True
Let b be (4/2)/((10/555)/1). Suppose 5*w = b + 209. Suppose -65*f + w*f = -4493. Is f a composite number?
False
Suppose 26*n - 22*n - 1407460 = -16*n. Is n prime?
True
Let q(y) = 2*y + 21. Let v be q(-10). Let m be (0/v)/(28/(-14)). Suppose -j + 835 = g, m*g + 4211 = 5*j - 4*g. Is j a composite number?
False
Suppose -1096 = -5*i + 6649. Suppose -26*v = 2*v + 12936. Let n = i + v. Is n composite?
False
Suppose -7*m + 5401593 = 3*m + 17*m. Is m composite?
True
Let d = 875 - 872. Suppose -3*o - 5*u = 2*o - 1455, 5*o = -d*u + 1447. Is o a composite number?
True
Let z = 24 - 22. Suppose -2*j - 3*j - 151 = 4*y, -70 = z*j + 4*y. Is (-6)/j - (-50)/18 composite?
False
Let f(l) = l**3 - l**2 - 3*l - 10. Let j be f(-8). Let u = j + 825. Is u a composite number?
False
Let o = 591 - 587. Let g = 1 - 0. Is 23464/32 - g/o prime?
True
Is 2/(-2)*166/(((-300)/(-470))/(-15)) composite?
True
Let z(d) = -21982*d - 1571. Is z(-19) prime?
False
Let d = -318 + -228. Let i = -276 - d. Let v = i + 23. Is v composite?
False
Suppose 9*x = 3*x + 18. Let r be -2 + 3 + 0 + 3/x. Let h(k) = 108*k - 5. Is h(r) prime?
True
Is (37182/48)/(1/8) composite?
False
Is 3/(27/1306599) + 5/(-3) + 1 prime?
True
Let i(c) be the first derivative of 5*c**4/4 - c**3/3 - 3*c**2/2 + 18*c - 7. Let h be i(-10). Is h/(-8) - 1/2 prime?
True
Let b = 138011 + -11590. Is b a prime number?
True
Let w(k) = -k + 3. Let o be w(0). Suppose -20 + 11 = -o*r. Suppose 439 + 899 = r*l. Is l a prime number?
False
Suppose -1982584 = -5*m + 91*r - 94*r, -2*m + 793021 = 3*r. Is m a prime number?
False
Suppose -874*b + 872*b + 40602 = 0. Suppose 0 = -4*z + 5*u + b, 30*z - 27*z = 2*u + 15217. Is z a composite number?
True
Is 1076774*(-4 + 2)/(-12*(-4)/(-12)) prime?
False
Let a = 203329 + -59598. Is a composite?
True
Let h = -560434 - -1372933. Is h prime?
False
Let w(z) = -z**3 + 8*z**2 + z - 13. Let c be w(8). Let l(y) = -1273*y + 22. Is l(c) a prime number?
False
Suppose -3*p - 6*u + 2300 = -11*u, 0 = -p - 4*u + 761. Let f = p + -358. Is f composite?
True
Let j(g) = 54*g**2 - 8*g + 5. Suppose d = -3*v - 22, 2*d + v + 0*v = -19. Is j(d) prime?
True
Let g = -132 - -78. Let t = -856 - -173. Let n = g - t. Is n a composite number?
True
Is (1/(64/3383088))/((-1)/(-4)) composite?
True
Let v = 9 + 5. Suppose 0 = 16*y - v*y - 6. Let h(u) = 88*u + 5. Is h(y) composite?
False
Suppose 2*r = 45679 + 73335. Is r a composite number?
True
Suppose -5*l - 3*u - 59 = 6, -3*u - 25 = l. Is (-19028)/l + (-34)/(-170) composite?
True
Let g(l) = 59*l + 24*l + 140*l + 121 - 41. Is g(3) a composite number?
True
Let t(y) = 2*y**2 - 35*y - 22. Let u be t(18). Is (-18 + 100)*(-794)/u a prime number?
False
Suppose -23*c = -11*c + 12. Let u(z) = -6619*z - 21. Is u(c) a composite number?
True
Let s(u) = 10*u - 6. Let i = 117 + -116. Let v be s(i). Suppose 5*m - v*w = 5223, w - 2080 = -2*m - 2*w. Is m prime?
False
Let x(o) = -71*o - 20. Let a(k) = k**2 + k + 1. Let i(b) = -b**2 - 5*b - 4. Let d(h) = -3*a(h) - i(h). Let j be d(-2). Is x(j) composite?
False
Let u be 120914/8 - 2/(24/(-9)). Let y = u + -10230. Is y prime?
False
Suppose 23*o + 12*o = 10690510 + 1275255. Is o composite?
False
Let a(x) = 42*x**2 + 5*x + 13. Let i be (-684)/32 - (-3)/8. Let p be (7/i)/(2/(-36)). Is a(p) composite?
True
Let g(c) = -2*c**2 - 16*c - 9. Let n be g(-7). Suppose 0 = 3*f - 12, 0*f - 2*f + 48 